{"id":288,"date":"2025-08-10T16:55:14","date_gmt":"2025-08-10T16:55:14","guid":{"rendered":"http:\/\/www.azunlarenerji.com\/?page_id=288"},"modified":"2025-08-10T20:50:54","modified_gmt":"2025-08-10T20:50:54","slug":"hizmetler","status":"publish","type":"page","link":"https:\/\/www.azunlarenerji.com\/?page_id=288","title":{"rendered":"Hizmetler"},"content":{"rendered":"<h2>Uzmanl\u0131k Alanlar\u0131m\u0131z<\/h2>\n<h2>Hizmetlerimiz<\/h2>\n<h2>Hizmet Verdi\u011fimiz Sekt\u00f6rler<\/h2>\n<h2 data-start=\"109\" data-end=\"148\"><strong data-start=\"112\" data-end=\"148\">\ud83d\udd39 1. Konut ve Bireysel Kullan\u0131m<\/strong><\/h2>\n<ul data-start=\"149\" data-end=\"282\">\n<li data-start=\"149\" data-end=\"194\">\n<p data-start=\"151\" data-end=\"194\">Ev tipi \u00e7at\u0131 \u00fcst\u00fc g\u00fcne\u015f paneli sistemleri<\/p>\n<\/li>\n<li data-start=\"195\" data-end=\"238\">\n<p data-start=\"197\" data-end=\"238\">Off-grid (\u015febekeden ba\u011f\u0131ms\u0131z) sistemler<\/p>\n<\/li>\n<li data-start=\"239\" data-end=\"282\">\n<p data-start=\"241\" data-end=\"282\">Elektrik faturalar\u0131n\u0131 d\u00fc\u015f\u00fcrme \u00e7\u00f6z\u00fcmleri<\/p>\n<\/li>\n<\/ul>\n<hr data-start=\"284\" data-end=\"287\" \/>\n<h2 data-start=\"289\" data-end=\"334\"><strong data-start=\"292\" data-end=\"334\">\ud83d\udd39 2. Ticari ve End\u00fcstriyel \u0130\u015fletmeler<\/strong><\/h2>\n<ul data-start=\"335\" data-end=\"505\">\n<li data-start=\"335\" data-end=\"396\">\n<p data-start=\"337\" data-end=\"396\">Fabrika, at\u00f6lye ve depolar\u0131n enerji ihtiyac\u0131n\u0131 kar\u015f\u0131lamak<\/p>\n<\/li>\n<li data-start=\"397\" data-end=\"452\">\n<p data-start=\"399\" data-end=\"452\">AVM, otel, hastane gibi y\u00fcksek t\u00fcketimli i\u015fletmeler<\/p>\n<\/li>\n<li data-start=\"453\" data-end=\"505\">\n<p data-start=\"455\" data-end=\"505\">Tar\u0131msal \u00fcretim tesisleri ve so\u011fuk hava depolar\u0131<\/p>\n<\/li>\n<\/ul>\n<hr data-start=\"507\" data-end=\"510\" \/>\n<h2 data-start=\"512\" data-end=\"545\"><strong data-start=\"515\" data-end=\"545\">\ud83d\udd39 3. Tar\u0131m ve Hayvanc\u0131l\u0131k<\/strong><\/h2>\n<ul data-start=\"546\" data-end=\"678\">\n<li data-start=\"546\" data-end=\"596\">\n<p data-start=\"548\" data-end=\"596\">Sulama pompalar\u0131 i\u00e7in g\u00fcne\u015f enerjili sistemler<\/p>\n<\/li>\n<li data-start=\"597\" data-end=\"630\">\n<p data-start=\"599\" data-end=\"630\">Seralar i\u00e7in enerji \u00e7\u00f6z\u00fcmleri<\/p>\n<\/li>\n<li data-start=\"631\" data-end=\"678\">\n<p data-start=\"633\" data-end=\"678\">Hayvanc\u0131l\u0131k \u00e7iftliklerinde elektrik \u00fcretimi<\/p>\n<\/li>\n<\/ul>\n<hr data-start=\"680\" data-end=\"683\" \/>\n<h2 data-start=\"685\" data-end=\"727\"><strong data-start=\"688\" data-end=\"727\">\ud83d\udd39 4. Belediyeler ve Kamu Kurumlar\u0131<\/strong><\/h2>\n<ul data-start=\"728\" data-end=\"867\">\n<li data-start=\"728\" data-end=\"774\">\n<p data-start=\"730\" data-end=\"774\">Sokak ayd\u0131nlatmalar\u0131 (solar LED sistemler)<\/p>\n<\/li>\n<li data-start=\"775\" data-end=\"815\">\n<p data-start=\"777\" data-end=\"815\">Belediye binalar\u0131n\u0131n enerji ihtiyac\u0131<\/p>\n<\/li>\n<li data-start=\"816\" data-end=\"867\">\n<p data-start=\"818\" data-end=\"867\">Okul, hastane, sosyal tesislerde g\u00fcne\u015f enerjisi<\/p>\n<\/li>\n<\/ul>\n<hr data-start=\"869\" data-end=\"872\" \/>\n<h2 data-start=\"874\" data-end=\"904\"><strong data-start=\"877\" data-end=\"904\">\ud83d\udd39 5. Ula\u015f\u0131m ve Altyap\u0131<\/strong><\/h2>\n<ul data-start=\"905\" data-end=\"1040\">\n<li data-start=\"905\" data-end=\"945\">\n<p data-start=\"907\" data-end=\"945\">Otopark \u00fcst\u00fc g\u00fcne\u015f enerji sistemleri<\/p>\n<\/li>\n<li data-start=\"946\" data-end=\"993\">\n<p data-start=\"948\" data-end=\"993\">\u015earj istasyonlar\u0131 (elektrikli ara\u00e7lar i\u00e7in)<\/p>\n<\/li>\n<li data-start=\"994\" data-end=\"1040\">\n<p data-start=\"996\" data-end=\"1040\">Trafik lambalar\u0131, sinyalizasyon sistemleri<\/p>\n<\/li>\n<\/ul>\n<hr data-start=\"1042\" data-end=\"1045\" \/>\n<h2 data-start=\"1047\" data-end=\"1104\"><strong data-start=\"1050\" data-end=\"1104\">\ud83d\udd39 6. Yenilenebilir Enerji Projeleri ve Yat\u0131r\u0131mlar<\/strong><\/h2>\n<ul data-start=\"1105\" data-end=\"1260\">\n<li data-start=\"1105\" data-end=\"1153\">\n<p data-start=\"1107\" data-end=\"1153\">B\u00fcy\u00fck \u00f6l\u00e7ekli g\u00fcne\u015f enerji santralleri (GES)<\/p>\n<\/li>\n<li data-start=\"1154\" data-end=\"1199\">\n<p data-start=\"1156\" data-end=\"1199\">Yat\u0131r\u0131mc\u0131lar i\u00e7in enerji \u00fcretim projeleri<\/p>\n<\/li>\n<li data-start=\"1200\" data-end=\"1260\">\n<p data-start=\"1202\" data-end=\"1260\">Karbon ayak izini azaltma ve s\u00fcrd\u00fcr\u00fclebilirlik projeleri<\/p>\n<\/li>\n<\/ul>\n<h2>Yenilik\u00e7i Projeler Tasarl\u0131yoruz<\/h2>\n<h2>Proje Haz\u0131rlama<\/h2>\n<p>G\u00fcne\u015f enerji sistemleri projelerinde alanlar\u0131nda y\u0131llar\u0131n deneyimine sahip m\u00fchendislerimiz yat\u0131r\u0131m fikirlerinize geli\u015fmi\u015f \u00e7\u00f6z\u00fcmler sunmaktad\u0131r. Yat\u0131r\u0131m\u0131 planlad\u0131\u011f\u0131n\u0131z yerin g\u00fcne\u015f enerjisinden maksimum \u00f6l\u00e7ekte faydalanmas\u0131 i\u00e7in uygulamadan \u00f6nce g\u00f6lge ve g\u00fcn i\u00e7inde al\u0131nan g\u00fcne\u015f \u0131\u015f\u0131\u011f\u0131 analizleri yaparak basit, temiz ve yenilenebilir bu enerji kayna\u011f\u0131n\u0131 \u00fcst d\u00fczeyde verimli kullanman\u0131z\u0131 sa\u011flar.<\/p>\n<h2>G\u00fc\u00e7l\u00fc ve G\u00fcvenilir Kurulumlar<\/h2>\n<h2>Kurulum ve Uygulama<\/h2>\n<p>Alan\u0131nda uzman teknik ekibimiz, g\u00fcne\u015f enerjisi sisteminizi anahtar teslim olarak hayata ge\u00e7irir.<br data-start=\"353\" data-end=\"356\" \/>Kurulum s\u00fcrecinde en kaliteli ekipmanlar\u0131 kullanarak, uzun \u00f6m\u00fcrl\u00fc ve verimli bir enerji sistemi elde etmenizi sa\u011flar\u0131z.<br data-start=\"475\" data-end=\"478\" \/>T\u00fcm montaj ve ba\u011flant\u0131 i\u015flemleri uluslararas\u0131 standartlara uygun \u015fekilde ger\u00e7ekle\u015ftirilir.<br data-start=\"568\" data-end=\"571\" data-is-only-node=\"\" \/>B\u00f6ylece yat\u0131r\u0131m\u0131n\u0131z\u0131n g\u00fcvenli, sorunsuz ve maksimum verimle \u00e7al\u0131\u015fmas\u0131n\u0131 garanti ederiz.<\/p>\n<h2>Yenilik\u00e7i ve Etkin Proje Geli\u015ftirme<br \/>\n<\/h2>\n<p>G\u00fcne\u015f enerjisi yat\u0131r\u0131mlar\u0131n\u0131z i\u00e7in en uygun \u00e7\u00f6z\u00fcmleri geli\u015ftirmek amac\u0131yla alan\u0131nda uzman m\u00fchendis ve dan\u0131\u015fman ekibimizle yan\u0131n\u0131zday\u0131z.<br data-start=\"312\" data-end=\"315\" \/>Yerinde ke\u015fif, g\u00f6lge analizi ve g\u00fcne\u015f \u0131\u015f\u0131n\u0131m\u0131 \u00f6l\u00e7\u00fcmleri yaparak, yat\u0131r\u0131m\u0131n\u0131z\u0131n en y\u00fcksek verimle \u00e7al\u0131\u015fmas\u0131n\u0131 sa\u011flayacak proje tasar\u0131mlar\u0131 haz\u0131rl\u0131yoruz.<br data-start=\"466\" data-end=\"469\" \/>\u0130ster \u00e7at\u0131 ister arazi tipi sistem olsun, her ad\u0131mda size \u00f6zel planlama yaparak uzun \u00f6m\u00fcrl\u00fc, verimli ve s\u00fcrd\u00fcr\u00fclebilir enerji projeleri geli\u015ftiriyoruz.<\/p>\n<details id=\"e-n-accordion-item-1700\" open>\n<summary data-accordion-index=\"1\" tabindex=\"0\" aria-expanded=\"true\" aria-controls=\"e-n-accordion-item-1700\" >\n\t\t\t\t\t Proje Geli\u015ftirme<br \/>\n\t\t\t<svg aria-hidden=\"true\" viewBox=\"0 0 448 512\" xmlns=\"http:\/\/www.w3.org\/2000\/svg\"><path d=\"M416 208H32c-17.67 0-32 14.33-32 32v32c0 17.67 14.33 32 32 32h384c17.67 0 32-14.33 32-32v-32c0-17.67-14.33-32-32-32z\"><\/path><\/svg><br \/>\n\t\t\t<svg aria-hidden=\"true\" viewBox=\"0 0 448 512\" xmlns=\"http:\/\/www.w3.org\/2000\/svg\"><path d=\"M416 208H272V64c0-17.67-14.33-32-32-32h-32c-17.67 0-32 14.33-32 32v144H32c-17.67 0-32 14.33-32 32v32c0 17.67 14.33 32 32 32h144v144c0 17.67 14.33 32 32 32h32c17.67 0 32-14.33 32-32V304h144c17.67 0 32-14.33 32-32v-32c0-17.67-14.33-32-32-32z\"><\/path><\/svg><br \/>\n\t\t\t\t\t\t<\/summary>\n<ul>\n<li data-start=\"236\" data-end=\"310\">\n<p data-start=\"238\" data-end=\"310\">G\u00fcne\u015f enerjisi santrali (GES) ve \u00e7at\u0131 uygulamalar\u0131 i\u00e7in proje tasar\u0131m\u0131<\/p>\n<\/li>\n<li data-start=\"311\" data-end=\"368\">\n<p data-start=\"313\" data-end=\"368\">Yerinde ke\u015fif, g\u00f6lge analizi ve g\u00fcne\u015f \u0131\u015f\u0131\u011f\u0131 \u00f6l\u00e7\u00fcmleri<\/p>\n<\/li>\n<\/ul>\n<\/details>\n<details id=\"e-n-accordion-item-1701\" >\n<summary data-accordion-index=\"2\" tabindex=\"-1\" aria-expanded=\"false\" aria-controls=\"e-n-accordion-item-1701\" >\n\t\t\t\t\t M\u00fchendislik ve Dan\u0131\u015fmanl\u0131k<br \/>\n\t\t\t<svg aria-hidden=\"true\" viewBox=\"0 0 448 512\" xmlns=\"http:\/\/www.w3.org\/2000\/svg\"><path d=\"M416 208H32c-17.67 0-32 14.33-32 32v32c0 17.67 14.33 32 32 32h384c17.67 0 32-14.33 32-32v-32c0-17.67-14.33-32-32-32z\"><\/path><\/svg><br \/>\n\t\t\t<svg aria-hidden=\"true\" viewBox=\"0 0 448 512\" xmlns=\"http:\/\/www.w3.org\/2000\/svg\"><path d=\"M416 208H272V64c0-17.67-14.33-32-32-32h-32c-17.67 0-32 14.33-32 32v144H32c-17.67 0-32 14.33-32 32v32c0 17.67 14.33 32 32 32h144v144c0 17.67 14.33 32 32 32h32c17.67 0 32-14.33 32-32V304h144c17.67 0 32-14.33 32-32v-32c0-17.67-14.33-32-32-32z\"><\/path><\/svg><br \/>\n\t\t\t\t\t\t<\/summary>\n<ul>\n<li data-start=\"413\" data-end=\"454\">\n<p data-start=\"415\" data-end=\"454\">Yat\u0131r\u0131m \u00f6ncesi fizibilite \u00e7al\u0131\u015fmalar\u0131<\/p>\n<\/li>\n<li data-start=\"455\" data-end=\"485\">\n<p data-start=\"457\" data-end=\"485\">Sistem kapasite planlamas\u0131<\/p>\n<\/li>\n<li data-start=\"486\" data-end=\"520\">\n<p data-start=\"488\" data-end=\"520\">Enerji verimlili\u011fi raporlamas\u0131<\/p>\n<\/li>\n<\/ul>\n<\/details>\n<details id=\"e-n-accordion-item-1702\" >\n<summary data-accordion-index=\"3\" tabindex=\"-1\" aria-expanded=\"false\" aria-controls=\"e-n-accordion-item-1702\" >\n\t\t\t\t\t Kurulum ve Montaj<br \/>\n\t\t\t<svg aria-hidden=\"true\" viewBox=\"0 0 448 512\" xmlns=\"http:\/\/www.w3.org\/2000\/svg\"><path d=\"M416 208H32c-17.67 0-32 14.33-32 32v32c0 17.67 14.33 32 32 32h384c17.67 0 32-14.33 32-32v-32c0-17.67-14.33-32-32-32z\"><\/path><\/svg><br \/>\n\t\t\t<svg aria-hidden=\"true\" viewBox=\"0 0 448 512\" xmlns=\"http:\/\/www.w3.org\/2000\/svg\"><path d=\"M416 208H272V64c0-17.67-14.33-32-32-32h-32c-17.67 0-32 14.33-32 32v144H32c-17.67 0-32 14.33-32 32v32c0 17.67 14.33 32 32 32h144v144c0 17.67 14.33 32 32 32h32c17.67 0 32-14.33 32-32V304h144c17.67 0 32-14.33 32-32v-32c0-17.67-14.33-32-32-32z\"><\/path><\/svg><br \/>\n\t\t\t\t\t\t<\/summary>\n<ul>\n<li data-start=\"556\" data-end=\"605\">\n<p data-start=\"558\" data-end=\"605\">\u00c7at\u0131 tipi ve arazi tipi g\u00fcne\u015f paneli kurulumu<\/p>\n<\/li>\n<li data-start=\"606\" data-end=\"651\">\n<p data-start=\"608\" data-end=\"651\">Elektrik ba\u011flant\u0131lar\u0131 ve inverter montaj\u0131<\/p>\n<\/li>\n<li data-start=\"652\" data-end=\"717\">\n<p data-start=\"654\" data-end=\"717\">Uluslararas\u0131 standartlarda kablolama ve g\u00fcvenlik uygulamalar\u0131<\/p>\n<\/li>\n<\/ul>\n<\/details>\n<details id=\"e-n-accordion-item-1703\" >\n<summary data-accordion-index=\"4\" tabindex=\"-1\" aria-expanded=\"false\" aria-controls=\"e-n-accordion-item-1703\" >\n\t\t\t\t\t Bak\u0131m ve Onar\u0131m<br \/>\n\t\t\t<svg aria-hidden=\"true\" viewBox=\"0 0 448 512\" xmlns=\"http:\/\/www.w3.org\/2000\/svg\"><path d=\"M416 208H32c-17.67 0-32 14.33-32 32v32c0 17.67 14.33 32 32 32h384c17.67 0 32-14.33 32-32v-32c0-17.67-14.33-32-32-32z\"><\/path><\/svg><br \/>\n\t\t\t<svg aria-hidden=\"true\" viewBox=\"0 0 448 512\" xmlns=\"http:\/\/www.w3.org\/2000\/svg\"><path d=\"M416 208H272V64c0-17.67-14.33-32-32-32h-32c-17.67 0-32 14.33-32 32v144H32c-17.67 0-32 14.33-32 32v32c0 17.67 14.33 32 32 32h144v144c0 17.67 14.33 32 32 32h32c17.67 0 32-14.33 32-32V304h144c17.67 0 32-14.33 32-32v-32c0-17.67-14.33-32-32-32z\"><\/path><\/svg><br \/>\n\t\t\t\t\t\t<\/summary>\n<ul>\n<li data-start=\"751\" data-end=\"783\">\n<p data-start=\"753\" data-end=\"783\">Periyodik sistem kontrolleri<\/p>\n<\/li>\n<li data-start=\"784\" data-end=\"818\">\n<p data-start=\"786\" data-end=\"818\">Temizlik ve panel verim \u00f6l\u00e7\u00fcm\u00fc<\/p>\n<\/li>\n<li data-start=\"819\" data-end=\"854\">\n<p data-start=\"821\" data-end=\"854\">Ar\u0131za tespiti ve par\u00e7a de\u011fi\u015fimi<\/p>\n<\/li>\n<\/ul>\n<\/details>\n<details id=\"e-n-accordion-item-1704\" >\n<summary data-accordion-index=\"5\" tabindex=\"-1\" aria-expanded=\"false\" aria-controls=\"e-n-accordion-item-1704\" >\n\t\t\t\t\t Enerji \u0130zleme ve Y\u00f6netim<br \/>\n\t\t\t<svg aria-hidden=\"true\" viewBox=\"0 0 448 512\" xmlns=\"http:\/\/www.w3.org\/2000\/svg\"><path d=\"M416 208H32c-17.67 0-32 14.33-32 32v32c0 17.67 14.33 32 32 32h384c17.67 0 32-14.33 32-32v-32c0-17.67-14.33-32-32-32z\"><\/path><\/svg><br \/>\n\t\t\t<svg aria-hidden=\"true\" viewBox=\"0 0 448 512\" xmlns=\"http:\/\/www.w3.org\/2000\/svg\"><path d=\"M416 208H272V64c0-17.67-14.33-32-32-32h-32c-17.67 0-32 14.33-32 32v144H32c-17.67 0-32 14.33-32 32v32c0 17.67 14.33 32 32 32h144v144c0 17.67 14.33 32 32 32h32c17.67 0 32-14.33 32-32V304h144c17.67 0 32-14.33 32-32v-32c0-17.67-14.33-32-32-32z\"><\/path><\/svg><br \/>\n\t\t\t\t\t\t<\/summary>\n<ul>\n<li data-start=\"897\" data-end=\"931\">\n<p data-start=\"899\" data-end=\"931\">Online \u00fcretim takip sistemleri<\/p>\n<\/li>\n<li data-start=\"932\" data-end=\"953\">\n<p data-start=\"934\" data-end=\"953\">Verim raporlamas\u0131<\/p>\n<\/li>\n<li data-start=\"954\" data-end=\"1000\">\n<p data-start=\"956\" data-end=\"1000\">Uzaktan izleme ve anl\u0131k ar\u0131za bildirimleri<\/p>\n<\/li>\n<\/ul>\n<\/details>\n<details id=\"e-n-accordion-item-1705\" >\n<summary data-accordion-index=\"6\" tabindex=\"-1\" aria-expanded=\"false\" aria-controls=\"e-n-accordion-item-1705\" >\n\t\t\t\t\t Hibrit ve Depolama Sistemleri<br \/>\n\t\t\t<svg aria-hidden=\"true\" viewBox=\"0 0 448 512\" xmlns=\"http:\/\/www.w3.org\/2000\/svg\"><path d=\"M416 208H32c-17.67 0-32 14.33-32 32v32c0 17.67 14.33 32 32 32h384c17.67 0 32-14.33 32-32v-32c0-17.67-14.33-32-32-32z\"><\/path><\/svg><br \/>\n\t\t\t<svg aria-hidden=\"true\" viewBox=\"0 0 448 512\" xmlns=\"http:\/\/www.w3.org\/2000\/svg\"><path d=\"M416 208H272V64c0-17.67-14.33-32-32-32h-32c-17.67 0-32 14.33-32 32v144H32c-17.67 0-32 14.33-32 32v32c0 17.67 14.33 32 32 32h144v144c0 17.67 14.33 32 32 32h32c17.67 0 32-14.33 32-32V304h144c17.67 0 32-14.33 32-32v-32c0-17.67-14.33-32-32-32z\"><\/path><\/svg><br \/>\n\t\t\t\t\t\t<\/summary>\n<ul>\n<li data-start=\"1048\" data-end=\"1093\">\n<p data-start=\"1050\" data-end=\"1093\">G\u00fcne\u015f + batarya enerji depolama \u00e7\u00f6z\u00fcmleri<\/p>\n<\/li>\n<li data-start=\"1094\" data-end=\"1137\">\n<p data-start=\"1096\" data-end=\"1137\">Off-grid (\u015febekeden ba\u011f\u0131ms\u0131z) sistemler<\/p>\n<\/li>\n<li data-start=\"1138\" data-end=\"1161\">\n<p data-start=\"1140\" data-end=\"1161\">Yedek g\u00fc\u00e7 \u00e7\u00f6z\u00fcmleri<\/p>\n<\/li>\n<\/ul>\n<\/details>\n<details id=\"e-n-accordion-item-1706\" >\n<summary data-accordion-index=\"7\" tabindex=\"-1\" aria-expanded=\"false\" aria-controls=\"e-n-accordion-item-1706\" >\n\t\t\t\t\t Tar\u0131msal G\u00fcne\u015f Enerjisi Uygulamalar\u0131<br \/>\n\t\t\t<svg aria-hidden=\"true\" viewBox=\"0 0 448 512\" xmlns=\"http:\/\/www.w3.org\/2000\/svg\"><path d=\"M416 208H32c-17.67 0-32 14.33-32 32v32c0 17.67 14.33 32 32 32h384c17.67 0 32-14.33 32-32v-32c0-17.67-14.33-32-32-32z\"><\/path><\/svg><br \/>\n\t\t\t<svg aria-hidden=\"true\" viewBox=\"0 0 448 512\" xmlns=\"http:\/\/www.w3.org\/2000\/svg\"><path d=\"M416 208H272V64c0-17.67-14.33-32-32-32h-32c-17.67 0-32 14.33-32 32v144H32c-17.67 0-32 14.33-32 32v32c0 17.67 14.33 32 32 32h144v144c0 17.67 14.33 32 32 32h32c17.67 0 32-14.33 32-32V304h144c17.67 0 32-14.33 32-32v-32c0-17.67-14.33-32-32-32z\"><\/path><\/svg><br \/>\n\t\t\t\t\t\t<\/summary>\n<ul>\n<li data-start=\"1216\" data-end=\"1267\">\n<p data-start=\"1218\" data-end=\"1267\">Sulama pompalar\u0131 i\u00e7in g\u00fcne\u015f enerjisi sistemleri<\/p>\n<\/li>\n<li data-start=\"1268\" data-end=\"1321\">\n<p data-start=\"1270\" data-end=\"1321\">Seralarda \u0131s\u0131tma, so\u011futma ve ayd\u0131nlatma \u00e7\u00f6z\u00fcmleri<\/p>\n<\/li>\n<\/ul>\n<\/details>\n<details id=\"e-n-accordion-item-1707\" >\n<summary data-accordion-index=\"8\" tabindex=\"-1\" aria-expanded=\"false\" aria-controls=\"e-n-accordion-item-1707\" >\n\t\t\t\t\t Elektrikli Ara\u00e7 \u015earj \u0130stasyonlar\u0131<br \/>\n\t\t\t<svg aria-hidden=\"true\" viewBox=\"0 0 448 512\" xmlns=\"http:\/\/www.w3.org\/2000\/svg\"><path d=\"M416 208H32c-17.67 0-32 14.33-32 32v32c0 17.67 14.33 32 32 32h384c17.67 0 32-14.33 32-32v-32c0-17.67-14.33-32-32-32z\"><\/path><\/svg><br \/>\n\t\t\t<svg aria-hidden=\"true\" viewBox=\"0 0 448 512\" xmlns=\"http:\/\/www.w3.org\/2000\/svg\"><path d=\"M416 208H272V64c0-17.67-14.33-32-32-32h-32c-17.67 0-32 14.33-32 32v144H32c-17.67 0-32 14.33-32 32v32c0 17.67 14.33 32 32 32h144v144c0 17.67 14.33 32 32 32h32c17.67 0 32-14.33 32-32V304h144c17.67 0 32-14.33 32-32v-32c0-17.67-14.33-32-32-32z\"><\/path><\/svg><br \/>\n\t\t\t\t\t\t<\/summary>\n<ul>\n<li data-start=\"1373\" data-end=\"1418\">\n<p data-start=\"1375\" data-end=\"1418\">G\u00fcne\u015f enerjisi destekli \u015farj istasyonlar\u0131<\/p>\n<\/li>\n<li data-start=\"1419\" data-end=\"1460\">\n<p data-start=\"1421\" data-end=\"1460\">\u0130\u015fletmeler ve otoparklar i\u00e7in kurulum<\/p>\n<\/li>\n<\/ul>\n<\/details>\n<details id=\"e-n-accordion-item-1708\" >\n<summary data-accordion-index=\"9\" tabindex=\"-1\" aria-expanded=\"false\" aria-controls=\"e-n-accordion-item-1708\" >\n\t\t\t\t\t Yat\u0131r\u0131m ve Sat\u0131\u015f Dan\u0131\u015fmanl\u0131\u011f\u0131<br \/>\n\t\t\t<svg aria-hidden=\"true\" viewBox=\"0 0 448 512\" xmlns=\"http:\/\/www.w3.org\/2000\/svg\"><path d=\"M416 208H32c-17.67 0-32 14.33-32 32v32c0 17.67 14.33 32 32 32h384c17.67 0 32-14.33 32-32v-32c0-17.67-14.33-32-32-32z\"><\/path><\/svg><br \/>\n\t\t\t<svg aria-hidden=\"true\" viewBox=\"0 0 448 512\" xmlns=\"http:\/\/www.w3.org\/2000\/svg\"><path d=\"M416 208H272V64c0-17.67-14.33-32-32-32h-32c-17.67 0-32 14.33-32 32v144H32c-17.67 0-32 14.33-32 32v32c0 17.67 14.33 32 32 32h144v144c0 17.67 14.33 32 32 32h32c17.67 0 32-14.33 32-32V304h144c17.67 0 32-14.33 32-32v-32c0-17.67-14.33-32-32-32z\"><\/path><\/svg><br \/>\n\t\t\t\t\t\t<\/summary>\n<ul>\n<li data-start=\"1508\" data-end=\"1533\">\n<p data-start=\"1510\" data-end=\"1533\">GES yat\u0131r\u0131m projeleri<\/p>\n<\/li>\n<li data-start=\"1534\" data-end=\"1580\">\n<p data-start=\"1536\" data-end=\"1580\">Lisansl\u0131\/lisanss\u0131z enerji \u00fcretim s\u00fcre\u00e7leri<\/p>\n<\/li>\n<li data-start=\"1581\" data-end=\"1628\">\n<p data-start=\"1583\" data-end=\"1628\">Enerji sat\u0131\u015f anla\u015fmalar\u0131 (EPDK, YEKDEM vb.)<\/p>\n<\/li>\n<\/ul>\n<\/details>\n<ul>\n<li data-start=\"236\" data-end=\"310\">\n<p data-start=\"238\" data-end=\"310\">G\u00fcne\u015f enerjisi santrali (GES) ve \u00e7at\u0131 uygulamalar\u0131 i\u00e7in proje tasar\u0131m\u0131<\/p>\n<\/li>\n<li data-start=\"311\" data-end=\"368\">\n<p data-start=\"313\" data-end=\"368\">Yerinde ke\u015fif, g\u00f6lge analizi ve g\u00fcne\u015f \u0131\u015f\u0131\u011f\u0131 \u00f6l\u00e7\u00fcmleri<\/p>\n<\/li>\n<\/ul>\n<ul>\n<li data-start=\"413\" data-end=\"454\">\n<p data-start=\"415\" data-end=\"454\">Yat\u0131r\u0131m \u00f6ncesi fizibilite \u00e7al\u0131\u015fmalar\u0131<\/p>\n<\/li>\n<li data-start=\"455\" data-end=\"485\">\n<p data-start=\"457\" data-end=\"485\">Sistem kapasite planlamas\u0131<\/p>\n<\/li>\n<li data-start=\"486\" data-end=\"520\">\n<p data-start=\"488\" data-end=\"520\">Enerji verimlili\u011fi raporlamas\u0131<\/p>\n<\/li>\n<\/ul>\n<ul>\n<li data-start=\"556\" data-end=\"605\">\n<p data-start=\"558\" data-end=\"605\">\u00c7at\u0131 tipi ve arazi tipi g\u00fcne\u015f paneli kurulumu<\/p>\n<\/li>\n<li data-start=\"606\" data-end=\"651\">\n<p data-start=\"608\" data-end=\"651\">Elektrik ba\u011flant\u0131lar\u0131 ve inverter montaj\u0131<\/p>\n<\/li>\n<li data-start=\"652\" data-end=\"717\">\n<p data-start=\"654\" data-end=\"717\">Uluslararas\u0131 standartlarda kablolama ve g\u00fcvenlik uygulamalar\u0131<\/p>\n<\/li>\n<\/ul>\n<ul>\n<li data-start=\"751\" data-end=\"783\">\n<p data-start=\"753\" data-end=\"783\">Periyodik sistem kontrolleri<\/p>\n<\/li>\n<li data-start=\"784\" data-end=\"818\">\n<p data-start=\"786\" data-end=\"818\">Temizlik ve panel verim \u00f6l\u00e7\u00fcm\u00fc<\/p>\n<\/li>\n<li data-start=\"819\" data-end=\"854\">\n<p data-start=\"821\" data-end=\"854\">Ar\u0131za tespiti ve par\u00e7a de\u011fi\u015fimi<\/p>\n<\/li>\n<\/ul>\n<ul>\n<li data-start=\"897\" data-end=\"931\">\n<p data-start=\"899\" data-end=\"931\">Online \u00fcretim takip sistemleri<\/p>\n<\/li>\n<li data-start=\"932\" data-end=\"953\">\n<p data-start=\"934\" data-end=\"953\">Verim raporlamas\u0131<\/p>\n<\/li>\n<li data-start=\"954\" data-end=\"1000\">\n<p data-start=\"956\" data-end=\"1000\">Uzaktan izleme ve anl\u0131k ar\u0131za bildirimleri<\/p>\n<\/li>\n<\/ul>\n<ul>\n<li data-start=\"1048\" data-end=\"1093\">\n<p data-start=\"1050\" data-end=\"1093\">G\u00fcne\u015f + batarya enerji depolama \u00e7\u00f6z\u00fcmleri<\/p>\n<\/li>\n<li data-start=\"1094\" data-end=\"1137\">\n<p data-start=\"1096\" data-end=\"1137\">Off-grid (\u015febekeden ba\u011f\u0131ms\u0131z) sistemler<\/p>\n<\/li>\n<li data-start=\"1138\" data-end=\"1161\">\n<p data-start=\"1140\" data-end=\"1161\">Yedek g\u00fc\u00e7 \u00e7\u00f6z\u00fcmleri<\/p>\n<\/li>\n<\/ul>\n<ul>\n<li data-start=\"1216\" data-end=\"1267\">\n<p data-start=\"1218\" data-end=\"1267\">Sulama pompalar\u0131 i\u00e7in g\u00fcne\u015f enerjisi sistemleri<\/p>\n<\/li>\n<li data-start=\"1268\" data-end=\"1321\">\n<p data-start=\"1270\" data-end=\"1321\">Seralarda \u0131s\u0131tma, so\u011futma ve ayd\u0131nlatma \u00e7\u00f6z\u00fcmleri<\/p>\n<\/li>\n<\/ul>\n<ul>\n<li data-start=\"1373\" data-end=\"1418\">\n<p data-start=\"1375\" data-end=\"1418\">G\u00fcne\u015f enerjisi destekli \u015farj istasyonlar\u0131<\/p>\n<\/li>\n<li data-start=\"1419\" data-end=\"1460\">\n<p data-start=\"1421\" data-end=\"1460\">\u0130\u015fletmeler ve otoparklar i\u00e7in kurulum<\/p>\n<\/li>\n<\/ul>\n<ul>\n<li data-start=\"1508\" data-end=\"1533\">\n<p data-start=\"1510\" data-end=\"1533\">GES yat\u0131r\u0131m projeleri<\/p>\n<\/li>\n<li data-start=\"1534\" data-end=\"1580\">\n<p data-start=\"1536\" data-end=\"1580\">Lisansl\u0131\/lisanss\u0131z enerji \u00fcretim s\u00fcre\u00e7leri<\/p>\n<\/li>\n<li data-start=\"1581\" data-end=\"1628\">\n<p data-start=\"1583\" data-end=\"1628\">Enerji sat\u0131\u015f anla\u015fmalar\u0131 (EPDK, YEKDEM vb.)<\/p>\n<\/li>\n<\/ul>\n","protected":false},"excerpt":{"rendered":"<p>Uzmanl\u0131k Alanlar\u0131m\u0131z Hizmetlerimiz Hizmet Verdi\u011fimiz Sekt\u00f6rler \ud83d\udd39 1. Konut ve Bireysel Kullan\u0131m Ev tipi \u00e7at\u0131 \u00fcst\u00fc g\u00fcne\u015f paneli sistemleri Off-grid (\u015febekeden ba\u011f\u0131ms\u0131z) sistemler Elektrik faturalar\u0131n\u0131 d\u00fc\u015f\u00fcrme \u00e7\u00f6z\u00fcmleri \ud83d\udd39 2. Ticari ve End\u00fcstriyel \u0130\u015fletmeler Fabrika, at\u00f6lye ve depolar\u0131n enerji ihtiyac\u0131n\u0131 kar\u015f\u0131lamak AVM, otel, hastane gibi y\u00fcksek t\u00fcketimli i\u015fletmeler Tar\u0131msal \u00fcretim tesisleri ve so\u011fuk hava depolar\u0131 \ud83d\udd39&#8230;<\/p>\n","protected":false},"author":1,"featured_media":0,"parent":0,"menu_order":0,"comment_status":"closed","ping_status":"closed","template":"","meta":{"_kad_post_transparent":"","_kad_post_title":"hide","_kad_post_layout":"fullwidth","_kad_post_sidebar_id":"","_kad_post_content_style":"unboxed","_kad_post_vertical_padding":"hide","_kad_post_feature":"hide","_kad_post_feature_position":"","_kad_post_header":false,"_kad_post_footer":false,"_kad_post_classname":"","footnotes":""},"class_list":["post-288","page","type-page","status-publish","hentry"],"_links":{"self":[{"href":"https:\/\/www.azunlarenerji.com\/index.php?rest_route=\/wp\/v2\/pages\/288","targetHints":{"allow":["GET"]}}],"collection":[{"href":"https:\/\/www.azunlarenerji.com\/index.php?rest_route=\/wp\/v2\/pages"}],"about":[{"href":"https:\/\/www.azunlarenerji.com\/index.php?rest_route=\/wp\/v2\/types\/page"}],"author":[{"embeddable":true,"href":"https:\/\/www.azunlarenerji.com\/index.php?rest_route=\/wp\/v2\/users\/1"}],"replies":[{"embeddable":true,"href":"https:\/\/www.azunlarenerji.com\/index.php?rest_route=%2Fwp%2Fv2%2Fcomments&post=288"}],"version-history":[{"count":94,"href":"https:\/\/www.azunlarenerji.com\/index.php?rest_route=\/wp\/v2\/pages\/288\/revisions"}],"predecessor-version":[{"id":501,"href":"https:\/\/www.azunlarenerji.com\/index.php?rest_route=\/wp\/v2\/pages\/288\/revisions\/501"}],"wp:attachment":[{"href":"https:\/\/www.azunlarenerji.com\/index.php?rest_route=%2Fwp%2Fv2%2Fmedia&parent=288"}],"curies":[{"name":"wp","href":"https:\/\/api.w.org\/{rel}","templated":true}]}}